he first derivative of b**3/3 - 5*b**2 - 8*b - 1. Suppose -9*y + 55 = -4*y. List the prime factors of o(y).
3
Let h be 17/3 + 2/(-3). Let o = 9 + h. List the prime factors of o.
2, 7
Let f be 3/(-3*(-1)/2). Suppose -f*k = -5*k. Suppose 14 = 2*q - k*q. List the prime factors of q.
7
Let f(k) = k**3 - 5*k**2 - 3*k + 5. Suppose 3 = -q, 2*t + 0*q = 5*q + 1. Let z = t + 13. List the prime factors of f(z).
23
Let t be 16/3 + 4/(-12). Let k(d) = -d**2 + 6*d + 3. Let b be k(t). Let j = 17 - b. What are the prime factors of j?
3
Suppose -49 = -3*o + 2. List the prime factors of o.
17
Suppose 0 = 3*w + 45 - 15. Let g(n) = -2*n - 12. List the prime factors of g(w).
2
Suppose 3*v - 120 - 131 = -2*x, 3*x + 4*v = 375. What are the prime factors of x?
11
Let i be 2 + 3/(-3) + 7. Let j = i + 1. List the prime factors of j.
3
Suppose u - 2*u = -2. Suppose u*q + 3 + 1 = 0, -12 = -3*a - 3*q. What are the prime factors of ((-2)/a)/(2/(-24))?
2
Let g = 183 + -87. List the prime factors of g.
2, 3
Let l = -45 - -86. Let i = l - 1. What are the prime factors of i?
2, 5
Let g be (-2)/(-3)*(-6)/(-4). What are the prime factors of (5/(-15))/(g/(-27))?
3
Let r(t) = 11*t**2 + 8*t + 10. List the prime factors of r(-3).
5, 17
Suppose -3*u + 3*y - 49 = 17, -5*u + 4*y - 110 = 0. Suppose 4*w - 5*j + 11 = -20, 2*w + 5*j = -23. Let z = w - u. List the prime factors of z.
13
What are the prime factors of 12 + (-1 - (-3)/(-1))?
2
Let g be (0 - (-8 + -2))*2. Suppose 0 = k - g - 6. Suppose -j = j - k. List the prime factors of j.
13
Let i(t) = 6*t**2 - t + 5. What are the prime factors of i(4)?
97
Let c = 87 - 58. Let v = c + -16. What are the prime factors of v?
13
Suppose 36 = -23*y + 26*y. List the prime factors of y.
2, 3
Suppose 2*y + 2 = 4, 0 = -2*w - 3*y + 11. Suppose 3*o + c - 77 = -20, -w*o = -c - 69. List the prime factors of o.
2, 3
Let p = -51 - -135. What are the prime factors of p?
2, 3, 7
Let n(b) = 2*b**2 - 5*b + 2. What are the prime factors of n(5)?
3
Let b = -7 - -4. Let y be 1/((4 + -1)/b). What are the prime factors of 2*(2 + 2 + y)?
2, 3
Let q = 102 + -66. What are the prime factors of q?
2, 3
Let a be (-1)/(-2) - 1/(-2). Let y = 5 - a. What are the prime factors of y?
2
Let u = -54 + 38. Let r = 21 + u. List the prime factors of r.
5
Suppose 3*z + 29 = 4*n, -5*z + 3*z - 25 = 3*n. Let v = -6 - z. Suppose -v*a + 39 = -1. List the prime factors of a.
2
Let s be 2/8 + (-795)/(-20). Let f = s - 12. List the prime factors of f.
2, 7
Let g(c) = 3*c**2 - 4*c**2 + 2*c**2 + 24. List the prime factors of g(0).
2, 3
Let m(h) = -h**2 + 4*h + 1. Let f be m(4). Suppose -3*b = -10 + f. List the prime factors of b.
3
Suppose -8*z + 3*z = 5*v - 40, 0 = 2*v - 5*z + 12. Let j = 8 - v. What are the prime factors of (12/9)/(j/6)?
2
Suppose -3*a + 9 = -9. Suppose 0 = -2*f + a + 4. What are the prime factors of f?
5
Suppose u - 239 = -3*u + 3*m, -2*m + 102 = 2*u. What are the prime factors of u?
2, 7
Let d be 3 + (5 - 3) + 0. Suppose 3*m = -d*n + 58, -2*n + 0*n - 2*m + 24 = 0. List the prime factors of n.
11
Let n = -3 + 7. Suppose -19 = -n*o - 7. Suppose -2*b - o*b = -35. What are the prime factors of b?
7
Let j(a) = -a**3 - 4*a**2 + 5*a + 3. Let g be j(-3). Let q be (-2)/(-7) - 204/g. Suppose 2 - q = -2*h. What are the prime factors of h?
2
Let n(r) = 2*r**2 - 2*r - 1. Let d be n(2). Let s be d/(((-30)/64)/(-5)). Suppose -u = 3*u - s. What are the prime factors of u?
2
Suppose -4*m = -4 - 12. Let t = -2 + m. Let d(v) = v**3 + 2*v**2 - v + 1. List the prime factors of d(t).
3, 5
Let m(t) be the third derivative of -t**4/24 + t**3/6 + 3*t**2. Let c be 1*-1*1*6. List the prime factors of m(c).
7
Let g(y) be the second derivative of -y**4/12 - 3*y**3/2 - 2*y**2 + 3*y. What are the prime factors of g(-6)?
2, 7
Suppose -5*h + 5 = 3*g, -6*g + g - 5*h + 25 = 0. Let w be 2*(-3)/6*7. Let i = g - w. What are the prime factors of i?
17
Let l be ((-11)/3 - -5)/((-2)/33). Let n(t) = -3*t - 1. Let y be n(1). List the prime factors of (l/y)/(6/12).
11
Let o(z) = -z**3 - z**2 + 3*z - 4. Let x be o(-3). List the prime factors of (-12)/(-30)*x*9.
2, 3
Suppose 1 = 3*i - 8. Suppose i*m - 2*r = 82, -62 - 39 = -4*m + r. List the prime factors of m.
2, 3
Suppose 4*f + 36 = a, -a + 3*f = -2*a + 50. Let t = a - 22. Suppose -q = q - t. List the prime factors of q.
11
Suppose 9*w - 4*w = 160. Suppose 2*p + 10 = w. List the prime factors of p.
11
Let k = 9 + -6. Let j be -1*(2 - k)*5. Suppose 3*i + c - 10 = 0, j*i + c - 30 = -4*c. What are the prime factors of i?
2
Let v(i) = -2*i + 12. Let w be v(5). Suppose w*z + 1 - 7 = 0. What are the prime factors of z?
3
Let g(u) = -4*u**3 - 3*u - 2. Let l be g(-2). Suppose 3*j + 2*k + 194 = -j, 2*k = j + l. Let x = j + 64. List the prime factors of x.
2, 3
Let c(f) = -2*f + 13. What are the prime factors of c(-12)?
37
Let i be 3/12 - (-69)/12. Suppose -s - y + 18 = 0, s - 12 = 2*y + i. Suppose 4*c = s + 2. What are the prime factors of c?
5
Let p(r) = -r**2 - 9*r + 5. What are the prime factors of p(-6)?
23
Suppose -159 - 61 = -2*a. What are the prime factors of (28/35)/(4/a)?
2, 11
Suppose -6*d + 6 = -4*d. Suppose 2*x + 4 = 2*u + u, d*x + 2*u = 20. List the prime factors of x.
2
Let a(k) = 21*k + k**2 + 19*k - 38*k. What are the prime factors of a(-5)?
3, 5
List the prime factors of 1/(-3) + 30/9.
3
Let h(a) = -a**2 - 8*a + 9. Let p be h(-9). Suppose 0 = k + 3 - p. Let o(n) = -n**2 - 7*n - 4. List the prime factors of o(k).
2
What are the prime factors of (9 - 6) + (63 - 1)?
5, 13
Let h(n) = 3*n**2 + 2*n - 3. Let b be h(3). Let i = b - 13. List the prime factors of i.
17
Let s(g) = g**2 - 2. Let t be s(3). Suppose -5*q - t = -6*q. List the prime factors of q.
7
Let u(g) = 6*g**2 - 10 - g**3 + 8 + 6*g + g - 4. List the prime factors of u(5).
2, 3
Let m = -53 + 99. What are the prime factors of m?
2, 23
Let p(m) = m**2 + 6*m - 12. List the prime factors of p(-8).
2
Let r(n) = n**3 - n**2 + n - 4. Let m be r(0). Let w(f) = -4*f + 4. What are the prime factors of w(m)?
2, 5
Let r(d) = d + 8. Let h be r(0). Let i(w) = 2*w - 1. Let u be i(2). Let v = u + h. What are the prime factors of v?
11
Let m = -12 + 18. Suppose -u + m + 9 = 0. What are the prime factors of u?
3, 5
Let z(x) = x**2 + 3*x - 6. Let i be z(4). Let w be 6/27 + i/(-18). What are the prime factors of (2/2 - -4) + w?
2
Suppose 7 = r + 3*r + f, -29 = -3*r + 4*f. Suppose -4*y - y + 2*k + 49 = 0, -r*y + 36 = k. What are the prime factors of y?
11
Let m(s) = -s**2 + 15*s - 8. Let o(l) = l**3 + 9*l**2 - 2*l - 12. Let z be o(-9). List the prime factors of m(z).
2, 23
Let c = 18 - 3. Suppose -4*q - c = -63. What are the prime factors of 124/q + (-2)/(-3)?
11
Let z(f) = f - 4. Let d(y) = -y + 1. Let n be d(3). Let g = 4 - n. List the prime factors of z(g).
2
Suppose -4*n = 2*p + 17 - 1, -2*n = 3*p + 4. Suppose 0 = 2*s + r - 32, -p*s + 7*r - 3*r = -22. List the prime factors of s.
3, 5
Suppose 0 = -2*c + 16 + 42. What are the prime factors of c?
29
Let y = 102 - -38. What are the prime factors of y?
2, 5, 7
Suppose 3*m + 1 = 2*o, 4*o + m - 18 = o. Suppose -z - 5 = o*q - 4, -5*z - 3*q + 61 = 0. List the prime factors of z + (-4 - -1) - 2.
3
Let m = 8 + -10. What are the prime factors of (-7)/m*(1 - -3)?
2, 7
Suppose 5*m = -4 - 1. Let f = m + 1. Suppose -4*l + f*l = -12. List the prime factors of l.
3
Suppose -3*b = 28 + 2. Let g be b/(-2 + 1/1). List the prime factors of 1/(1 - 8/g).
5
List the prime factors of ((-20)/2)/((-2)/39).
3, 5, 13
Suppose -2*c + 2*h + 160 = 0, -h + 141 = 2*c - 7. What are the prime factors of c?
2, 19
Suppose 4*s = -2*m + 206, -5*m + 459 = -0*s - 4*s. List the prime factors of m.
5, 19
Let z = -59 - -125. What are the prime factors of z?
2, 3, 11
Let b = -2 + 10. List the prime factors of b.
2
Suppose -3*x - 5 = -a - 6*x, a + 5*x - 5 = 0. Let b = 7 - a. Suppose -l + b*u = -18, -3*l + 50 = 2*l - 2*u. What are the prime factors of l?
2
Suppose -3*g + 4*g - 2 = 0. Suppose g*q - 35 = -11. What are the prime factors of q?
2, 3
Let s = 30 - -95. List the prime factors of s.
5
Let d(x) be the first derivative of -x**2/2 - x + 1. Let m be d(-1). Suppose -80 = -5*v - l, v - l - 22 = -m*l. List the prime factors of v.
17
Let o = 9 + -5. Suppose o*y = c + 3*c + 36, -9 = -y + 5*c. What are the prime